 greatest common factor of t and n.
4
Let h(p) = -p**2 + 8*p - 6. Let d be h(3). Suppose -d = -r - a, -2*r - a + 15 = -0*a. What is the highest common factor of 18 and r?
6
Suppose 2*x + 3592 = 4*z, -3*z - 4*x + 2681 = x. Calculate the greatest common divisor of 69 and z.
69
Let k = 5303 - 5261. Let u be 7*(1 - 0 - -3). Calculate the highest common divisor of u and k.
14
Suppose 0 = 8*i + 3*i - 110. Let h = 12 + i. Calculate the greatest common factor of h and 176.
22
Let l(a) = -a**3 - 3*a**2. Let t be l(-3). Suppose t*m - m + 14 = 0. Suppose x = 130 - 4. Calculate the highest common divisor of x and m.
14
Suppose 3*o = -2*o - b + 93, -5*b + 69 = 3*o. Let a = o - 14. Let t(x) = -27*x + 1. Let d be t(-1). Calculate the highest common divisor of d and a.
4
Suppose -88*y + 82*y + 300 = 0. What is the highest common divisor of 10 and y?
10
Let y be 4634/77 - 6/33. Calculate the highest common divisor of 165 and y.
15
Let o = 5 - -7. Suppose 0 = t + t - 84. Let p = t + -39. What is the highest common divisor of o and p?
3
Suppose -42*b = -113 - 769. What is the highest common divisor of b and 567?
21
Let z be (-640)/(9/54*-3). What is the highest common factor of z and 40?
40
Suppose -5*n + 35 = -15. Let t be 5*((-39)/15 - -3). Suppose t*d + 2*d = -4*m + 8, -5*d = m - n. Calculate the highest common divisor of 5 and d.
1
Suppose 4*h = 0, 0 = -q - q - h - 2. Let j = 61 + q. Suppose -2*s = 4*l - 26, 0 = -2*s - 4*l + l + 27. What is the highest common divisor of j and s?
15
Suppose -4*a = -5*r - 925, -r = 2*a - 6*a + 937. What is the highest common divisor of a and 15?
5
Suppose 4 + 13 = -4*r - 3*a, 0 = 5*r - 2*a + 50. Let p be r/(-6)*-5*3*-7. What is the highest common divisor of p and 56?
28
Let i(u) = 11*u**2 - 3*u + 5. Let x be i(1). Calculate the highest common divisor of 117 and x.
13
Let f be (4/(-2))/2 - 91/(-1). Suppose 0*c - b = -3*c + 31, -2*c = -4*b - 24. What is the highest common divisor of f and c?
10
Let j = 146 + -113. Let o = -5 + 8. Calculate the greatest common divisor of o and j.
3
Let n(o) = 3*o**2 + 48*o + 5. Let g be n(-17). Calculate the highest common divisor of 98 and g.
14
Suppose -164*b = -169*b + 915. What is the highest common divisor of b and 244?
61
Let r be -2 + (-4)/(-2) - (1 + -461). Calculate the greatest common factor of 23 and r.
23
Let n be (32/(-10))/((-3)/15). Let q = -287 - -303. What is the greatest common factor of n and q?
16
Let j be (-4)/(1/1) + 6. Suppose -2*z + 15 = j*v + 35, 0 = -4*v - 5*z - 45. Let o be 239/5 - 1/v. What is the greatest common divisor of o and 72?
24
Suppose 2*y - 5*b = 10, -6*b - 56 = -5*y - 9*b. Calculate the highest common factor of y and 95.
5
Suppose d - 292 = 2*i, -4*i - 1179 = -4*d - 7*i. Suppose -4*v = -186 - d. Suppose -h + v = h. What is the highest common divisor of h and 15?
15
Let x be 48 + (1 + -1)/(-3). Suppose 0*o - 2*o + 3*k + 272 = 0, -378 = -3*o - 3*k. Suppose o = -3*a + 346. What is the greatest common factor of a and x?
24
Let y = -285 - -567. Suppose 3*h - 48 = y. Calculate the greatest common divisor of h and 22.
22
Let b = -1368 - -2232. Calculate the highest common factor of b and 36.
36
Let z be 12/(-4) + 1*(0 + -1). Let t(u) = u**2 - u + 1. Let v be t(z). Calculate the highest common divisor of 14 and v.
7
Suppose 3*y = j - 7, 4*j + y = 1 + 1. Let n(s) = -2*s + 1 + j - s. Let l be n(-6). Calculate the highest common divisor of l and 30.
10
Let j be (-325)/(-3) + 2/(-6). Let g(x) = -x - 3 - 4 + 14 - 1. Let d be g(-6). What is the highest common divisor of d and j?
12
Let o be (-1)/(-4) - 2110/(-8). Suppose -51 = 3*r - 123. What is the greatest common divisor of r and o?
24
Suppose -5*o - 4*v + 0*v + 256 = 0, 156 = 3*o + 3*v. Calculate the greatest common factor of o and 6.
6
Suppose -5 = -n, -4*q + 4*n - 72 = -124. Suppose 3*x = 3*t + 60 - 297, 3*x + 73 = t. Let o = t - 37. What is the highest common factor of o and q?
9
Let t be (0 - 4)*6555/(-92). What is the greatest common divisor of t and 45?
15
Suppose -4*f + 12 = -d, -d = 3*d - 4*f + 36. Let u = 42 - d. Let r = -28 + u. What is the highest common factor of r and 11?
11
Let w be -3 - 2/((-6)/129). Suppose -2*z + w = 2*z. Let q(p) = -13*p**3 + 2*p**2 + 2*p + 2. Let k be q(-2). What is the greatest common divisor of k and z?
10
Let q(b) = b**3 - b. Let m be q(0). Suppose -5 = -m*l - l - 3*i, -3*l + 1 = -5*i. Suppose -2*x + 4*x - 32 = 0. What is the greatest common divisor of x and l?
2
Let y(l) = l**3 + 21*l**2 + l + 39. Let j be y(-21). Calculate the greatest common factor of 72 and j.
18
Suppose 5*v + 6 = 11. Suppose -5*m + v + 19 = 0. Suppose 3*d - q + 2*q - 98 = 0, -4*q - 136 = -m*d. Calculate the highest common divisor of d and 22.
11
Let c be (-3)/15 + -1*366/(-30). Calculate the highest common divisor of c and 52.
4
Let y(z) be the third derivative of -z**6/120 - z**5/12 + z**4/8 + 5*z**3/3 - 18*z**2. Let q be y(-6). What is the highest common factor of 14 and q?
14
Let b(j) = 12*j**2 - 13*j + 125. Let y be b(13). What is the highest common divisor of 31 and y?
31
Let w = 79 - -113. Calculate the greatest common factor of w and 320.
64
Suppose 0 = -16*o + 11*o + 125. What is the highest common factor of 100 and o?
25
Suppose -47 = -4*m - 3*t, 2*m + t + 4*t = 41. Let j(b) = 18*b - 36. Let d be j(m). What is the highest common factor of d and 24?
12
Suppose -18 = 4*b - 34. Calculate the greatest common divisor of b and 116.
4
Suppose 6040 = 21*l - 8450. Calculate the highest common divisor of 15 and l.
15
Let g(z) = 2*z**3 + 13*z**2 - 11*z - 14. Let m be g(-7). What is the greatest common divisor of m and 6?
2
Let j be (16/(-20) + 1)*(-5 + 20). What is the highest common factor of 3 and j?
3
Let j = -35 + 50. Let g = -1659 - -1944. What is the highest common divisor of j and g?
15
Suppose 0 = -5*d + 4*k + 76, 0*d - 66 = -4*d - 2*k. Let l = d - 12. What is the greatest common divisor of 16 and l?
4
Let k be (-36)/(-45) + (-122)/(-10). Suppose y = -4*s + 83, -2*y - 9*s + 11*s + 186 = 0. What is the highest common divisor of y and k?
13
Suppose -996 = -5*n - 831. What is the highest common divisor of 42 and n?
3
Let w(h) = -h**3 - 5*h**2 - 3*h - 4. Let y be w(-4). Let x be 311/3 - y/24. Calculate the highest common factor of 13 and x.
13
Let d = -539 - -674. Calculate the highest common factor of d and 297.
27
Suppose -47*a + 572 = -43*a. What is the greatest common factor of a and 39?
13
Suppose 5*i + 5*r = 15, 0 = -0*r + 2*r - 10. Let o be i*(-4)/8 - -1371. Let w be (-6)/8 - o/(-16). What is the greatest common divisor of w and 34?
17
Let x be 14 + (-1)/((-15)/(-9))*5. Calculate the highest common factor of x and 3.
1
Let g = 2324 + -1898. What is the highest common factor of 30 and g?
6
Let m = 87 + -49. Suppose 24*s = 17*s + 133. What is the greatest common factor of s and m?
19
Let r = -4 - -56. Calculate the highest common divisor of r and 52.
52
Suppose -17*u - 4*q = -13*u - 72, -50 = -3*u + q. What is the highest common factor of 1 and u?
1
Suppose -2*l = 5*n - 4*l - 30, -n + 24 = -4*l. What is the highest common factor of n and 484?
4
Let j be (-21)/(-28)*(-3 + 2 + 37). Calculate the highest common factor of j and 81.
27
Let g be ((-6)/(-7))/((-2)/((-84)/9)). Let d = 51 - 45. What is the highest common divisor of g and d?
2
Let n(s) = 5*s - 42. Let m be n(12). Suppose 52 = 2*t - 38. Calculate the greatest common factor of t and m.
9
Suppose 3*i - 11*j + 15*j = 2480, 0 = 2*i + j - 1645. What is the highest common factor of 123 and i?
41
Let d = 100 + -99. Let m be (11 - d) + -2 + -2. Calculate the greatest common divisor of m and 102.
6
Let v = 1204 - 367. Calculate the highest common divisor of v and 27.
27
Suppose -5*r + 970 = 5*v, 4*r - 2*v = 3*v + 758. Suppose -2*k - r = -2*s, 0*s - 2*s + 216 = 4*k. What is the highest common factor of 10 and s?
10
Let i be (-3)/(-12) + 14/8. Let a = 2 - 2. Suppose -4*w = 5*l - 40, -4*w - i*l = -a*w - 28. Calculate the greatest common factor of 45 and w.
5
Let y(a) = 9*a - 62. Let v be y(7). Let i = 24 - v. Calculate the highest common factor of i and 92.
23
Suppose -1192 = -2*v + 52. Let w = v - 358. Suppose -3*b = b - w. What is the highest common factor of b and 6?
6
Let i be 12/9 - (-1484)/21*1. What is the greatest common divisor of 9 and i?
9
Le